 c**4/4 + c**3 + c**2/2 + 4*c - 2. What is the units digit of g(u)?
1
Let m(k) = 10*k - 20. What is the units digit of m(7)?
0
Suppose 5*q - 187 - 18 = 0. What is the tens digit of q?
4
Let b be 3/(-2) - 58/(-4). Let a be b*(-1)/((-1)/3). Suppose -3*y + 0*y = -a. What is the units digit of y?
3
Suppose -t = -4*t + f + 154, -f = 2*t - 106. What is the tens digit of t?
5
Suppose 4*c - 3*x + 7 = 0, -4*x + 26 = 6*c - 3*c. Let a be 11/(-2) - c/(-4). Let n = 11 + a. What is the units digit of n?
6
Suppose 0*a - 4*y = 3*a - 35, -2*y = 2*a - 20. Suppose 3*c - a*w - 6 = 22, -c + 6 = -5*w. What is the units digit of c?
1
Let k be 8/8 - (-119 - 1). Let y = -84 + k. What is the tens digit of y?
3
Let i be (5 - 7)/(2*-1). Let z(f) = f**3 - 3 - 4*f + f - 2*f**2 - i. What is the units digit of z(4)?
6
Let s(n) = -n**3 - 3*n**2 + 7*n - 9. What is the tens digit of s(-6)?
5
Suppose -4*q + 18 = 5*y + 64, -5*y = 5*q + 55. What is the tens digit of (-2)/q + 1072/36?
3
Suppose -3*y + 3 = 4*k + 56, -4*k - 4*y = 48. Let l = -9 - k. What is the units digit of l?
8
Let s(g) = -3*g - 2 - 7 + g**2 - 7*g. Let z = 26 - 15. What is the units digit of s(z)?
2
Let x(r) = 3*r**2 - r - 8. What is the tens digit of x(4)?
3
Let m = 567 + -212. What is the units digit of m?
5
Suppose -2*n + 2 = -4. Suppose -n*g = -7*g + 56. What is the units digit of g?
4
Let t(d) = d + 1. Let j be (-7 - -8)/((-1)/(-6)). What is the units digit of t(j)?
7
Let w be (-1 + (-8)/(-6))*9. Suppose 0 = 2*b + w*b - 15. What is the units digit of b + (-1)/(2/4)?
1
Let v(i) = i**3 - 11*i**2 - 11*i - 6. Let t be v(12). Suppose t*j - 7*j = -51. What is the units digit of j?
1
What is the hundreds digit of 84*-3*1/(-2)?
1
Suppose 51*m - 56*m = -205. What is the tens digit of m?
4
Suppose -8 = 2*g, 0 = 3*o + 5*g + 25 - 8. Let z(c) be the third derivative of c**5/12 + c**2. What is the units digit of z(o)?
5
Let b(t) = t + 3. Let o be b(-5). What is the units digit of ((-3)/(-1) + -5)/o?
1
What is the units digit of (-32)/(-18) + (-4)/(-18)?
2
Suppose -11 = 2*o - 57. What is the tens digit of o?
2
Let h(v) = -6*v + 0 + 0. Let q = -3 + 2. What is the units digit of h(q)?
6
Suppose -161 = -n - u, 0 = 5*n - 5*u + 4*u - 775. What is the hundreds digit of n?
1
Let j be ((-2)/(-4))/(7/14). Suppose j + 14 = 5*l. What is the units digit of (-1*6/l)/(-1)?
2
Let v(u) = 4*u**2 - 3*u + 2. Let r(z) = -z**3 + 5*z**2 - 4*z + 2. Let o(k) = 2*r(k) - 3*v(k). Let j be (-20)/9 + (-2)/(-9). What is the units digit of o(j)?
4
Let j = 2 - -3. Let g = -1 + 4. Suppose j*c - 7 = 13, g*i + 4*c - 49 = 0. What is the tens digit of i?
1
Let b be (-1)/2 + (-142)/(-4). Suppose -f - 5*m = -b, -f + 0*m - m + 23 = 0. What is the units digit of f?
0
Let c(h) = -23*h + 2. Let k be c(-2). Let j = -33 + k. What is the tens digit of j?
1
Let l(n) = n + 9. Let b be l(-8). Let t be ((-2)/(-4))/(b/4). Suppose 0 = s - 0*s - t. What is the units digit of s?
2
Let o(h) = h**2 + 6*h - 3. What is the units digit of o(5)?
2
Let g be 0 + -3 - 42/(-6). What is the units digit of (-66)/g*56/(-42)?
2
Suppose 4*u = 4 + 8. Suppose 0 = -2*p + u*p - 6. What is the units digit of p?
6
Let u = -26 + 82. Suppose -40 - u = -4*d. Let b = d - 16. What is the units digit of b?
8
What is the tens digit of (-4 - -2)/2 + 21?
2
Suppose n - 5 = 1. Suppose i = n*i - 130. What is the tens digit of i?
2
Let a(f) = f**2 - 5*f + 10. Let b be a(7). Let c = -13 + b. What is the units digit of c?
1
Let u(o) = -o**3 - 2 - 4*o**2 + 7*o - o**2 + 2*o**3 - 3. What is the units digit of u(4)?
7
Suppose -36*n + 35*n + 180 = 0. What is the units digit of n?
0
Suppose 4*o - 108 = p, -3*o - 5*p - 25 + 129 = 0. Suppose 8 = -i - 6. Let d = o + i. What is the units digit of d?
4
Let y(v) = -v**2 + 4*v**2 - 10*v - v**2 - 3*v**2 - 6. What is the units digit of y(-9)?
3
Let k = -3 + 6. Suppose 3*v = -k*m + 72, v - 28 = -2*m - 6. What is the tens digit of v?
2
Suppose 0 = 4*f - 194 - 90. What is the units digit of f?
1
What is the tens digit of (5/(10/74))/(1/2)?
7
Suppose i = 4*o - 242, 3*o - 4*i = 54 + 121. What is the tens digit of o?
6
Let h(l) = 2*l + 7. Let x be h(10). What is the units digit of (-2)/6 - (-792)/x?
9
Suppose -r + 6 = i, -4*r + 2*r + 2 = 0. Suppose 1 = i*b - 14. Let d(q) = 5*q. What is the tens digit of d(b)?
1
Let f = 10 - 5. Suppose 7 = 4*z - f. What is the units digit of z?
3
Suppose 32 = -3*z + 7*z. Let c = 16 - z. Suppose 2*l = -c + 36. What is the units digit of l?
4
Suppose -14*t - 264 = -17*t. What is the units digit of t?
8
Suppose 691 - 3332 = -19*d. What is the units digit of d?
9
Suppose -1138 = -6*k - 220. What is the hundreds digit of k?
1
Let s(t) = -t**3 - t - 1. Let z be s(2). Let w = z - -21. What is the units digit of w?
0
Let a be (-1)/((-15)/(-9) + -2). Suppose 3*d + 0*d = b + 48, -3*d + 60 = a*b. What is the units digit of d?
7
Suppose -85 - 599 = -4*u. What is the hundreds digit of u?
1
Let l(i) = i**3 - 6*i**2 + i - 1. Let d(y) = -y**3 - 4*y**2 - 2*y - 2. Let h be d(-4). What is the units digit of l(h)?
5
Suppose -79 + 19 = -2*z. Suppose -3*x = -4*x + z. What is the units digit of x?
0
Let o = 9 + 4. Suppose 0 = -4*t + 35 + o. What is the units digit of t?
2
Let j(u) = 3*u**3 + 2*u - 1. Let z be j(1). Let a = z - 1. What is the units digit of a?
3
Let z = 23 - 11. Let l be (-1 + 9)/(z/6). Suppose -d = -2 - l. What is the units digit of d?
6
Let b = 191 - 69. What is the units digit of b?
2
Let t(v) = v**2 - 9*v + 5. Let g be t(8). Let w = g - -18. What is the tens digit of w?
1
Let x(i) = i**2 + 6*i + 8. Let u be x(-6). Let r be u/12 - 4/(-3). Suppose r*j = 3*j - 2. What is the units digit of j?
2
Suppose 3*a + 2*a = 5. What is the units digit of 3 - (-20 + (a - 0))?
2
Suppose -3*f - 6 = 0, -7*h + 2*h + 3*f + 16 = 0. What is the tens digit of h/4 + 37/2?
1
What is the tens digit of 26 + (-3 - -3 - 0)?
2
Suppose 0 = -3*a + 9, 3*d - 4*a + 5 + 4 = 0. Let k(t) = 16*t**3 + 1. What is the units digit of k(d)?
7
What is the tens digit of 875/14 + 1/2?
6
Let b = -13 + 32. Suppose -2*m + t = -17, 0 = m - 3*t + 6*t - b. What is the units digit of 3/(-5) + 106/m?
0
Let t(q) = -3*q + 5. Let i be t(-5). What is the tens digit of -8*(2 + i/(-4))?
2
Suppose -2*h + 3*b + 45 = 2*b, 0 = 5*h + b - 130. Let p = h + -9. What is the tens digit of p?
1
Let v = -38 - -82. Suppose -2 = 3*w - v. What is the tens digit of w?
1
Suppose 43 = l - 3*t, 2*t + 4 = 3*t. What is the units digit of l?
5
Let t(c) = -10 - 4 - 65*c + 69*c. What is the tens digit of t(11)?
3
Let n(c) = -c**2 + 13*c - 14. What is the units digit of n(11)?
8
Suppose -5*s - 2*g = -456, g = -0*s - s + 93. What is the tens digit of s?
9
Let o = 34 + -10. Suppose -2*n - o = 2*n. Let f = -1 - n. What is the units digit of f?
5
Suppose -4*s + 4*d + 667 = -d, -2*s = -5*d - 321. What is the hundreds digit of s?
1
Let m(q) = -2 + q - 4 + 8 + 4. What is the units digit of m(0)?
6
Let u = -10 + 16. What is the units digit of u/(-15) - 12/(-5)?
2
Suppose -d - 1 = 4*d + 4*y, 2*y = -5*d - 3. Let b be (-3 - -1 - d)*-2. What is the units digit of ((-1)/2 - -1)*b?
1
Let f(b) = -b**3 + 5*b**2 + 7*b. What is the tens digit of f(5)?
3
Let b be 9/(-6)*34/3. What is the units digit of -2 - -3 - -2 - b?
0
Let d be (-2)/7 + 120/28. Suppose -4*h = d*g - 88, 8*h + 137 = 5*g + 4*h. What is the units digit of g?
5
Let y = 1 + -2. What is the tens digit of 14 - (5 + -3 + y)?
1
Let k be (0 - 0) + -1 - -3. Suppose -4*r = 4*y - 88, 0 = -5*r + 8 + k. What is the units digit of y?
0
What is the units digit of -3*((-12)/9 - 0)?
4
Let h(x) be the third derivative of 0 - 1/6*x**4 - 1/2*x**3 + 5*x**2 + 0*x. What is the units digit of h(-5)?
7
Let l(n) = 3*n**2 - 6*n - 15. What is the units digit of l(-4)?
7
Let o be (-5)/5 - (2 + 0). Let c = o - 11. What is the units digit of 2/(-6) - c/6?
2
Suppose 0 = -4*q + q. Suppose q*p - 2*p + 45 = -3*t, 0 = -3*p - 4*t + 25. Suppose -5*i + p = -10. What is the units digit of i?
5
Let w(t) = -t**3 - 4*t**2 - 3*t - 7. Let o(l) = -l**2 - l - 1. Let u(x) = 5*o(x) - w(x). Let a be u(3). Suppose 4*r = 5*r - a. What is the units digit of r?
4
Let q(k) = k - 5. Let o be q(11). Let n(b) = 2*b - 8. Let y be n(o). Suppose -y = -0*w - w. What is the units digit of w?
4
Let f = 390 + -259. What is the units digit of f?
1
L